 f(z) = 4*z**2 - 3*z + 9. Let g(b) = 3*f(b) + 2*r(b). Is g(-6) composite?
False
Suppose -3*m = -6, d - m - 3*m - 163 = 0. Let f be 4/2 - 110*-3. Let v = f - d. Is v prime?
False
Let b(f) = 3221*f**2 - 113*f + 231. Is b(2) a composite number?
False
Suppose 5*u - 6 = 9. Suppose -u*r = -4*r + 5. Let d(y) = 4*y**2 - 6*y - 1. Is d(r) a prime number?
False
Let p(h) = -h**2 - 18*h - 23. Let q be p(-19). Let v = q - -68. Is v a composite number?
True
Suppose 5*f + 2743 = -1457. Let v = -423 - f. Is v prime?
False
Suppose -5*k + 2*s + 87615 = -16998, -83692 = -4*k + 2*s. Is k a prime number?
True
Let c(o) = -o**3 + 9*o**2 + 6*o - 1. Let a be c(7). Let i be ((-2)/(-3))/(10/45). Suppose 2*g - a = -r + 4*g, 134 = r - i*g. Is r prime?
True
Suppose -17*h = -15*h - 14048. Suppose -h = -5*d + 9831. Is d a composite number?
False
Let b be (-26)/(-8) + (-1)/4. Suppose b*t + 2*n = 3*n + 149, -n = -2*t + 100. Let w = t - 28. Is w a prime number?
False
Let p(m) be the second derivative of -m**5/20 - 5*m**4/6 - 13*m**3/6 - 3*m**2/2 + 13*m. Is p(-10) composite?
False
Let j = -510 + 767. Is j composite?
False
Suppose -5*b + 2*q = -33171, 6*q - 5*q = 4*b - 26538. Is b a composite number?
True
Let t(i) = i - 3. Let u be t(7). Suppose 16 = -u*n - 0. Is n/(-10) + 168/5 a composite number?
True
Let h = -1491 + 2681. Is h - (-1)/(4/20) prime?
False
Let h be (4668/(-16))/(3/(-4)). Let q = h + 450. Is q a prime number?
True
Let x = -68 + 1129. Is x a prime number?
True
Let r(a) = -9*a - 17. Let g be r(-15). Let f = g - 33. Is f a prime number?
False
Let o(v) = -7*v**2 + 30*v + 13. Let w be o(28). Let h = 112 - 177. Is (-10)/h + w/(-39) a prime number?
False
Is 31/((-217)/(-8190)) + -7 prime?
True
Let c(y) = 2 + y + 9*y**2 + y - 6. Let p(k) = -2*k**2 - 4*k + 3. Let o be p(1). Is c(o) a composite number?
False
Suppose 12*n + 2*n = 210. Is ((-469)/5)/(n/(-75)) prime?
False
Suppose -126692 = -3*k + 5*j, -4351 = -k - j + 37893. Is k composite?
False
Let a = 57 - 12. Suppose 4*w - x - 739 = 0, 20*w + 4*x = 18*w + 356. Is w/18 - 10/a a prime number?
False
Let t(g) = -43*g**2 - 6*g - 7. Let q be t(-6). Let x = 1438 - q. Is x prime?
True
Let c(a) = 967*a - 150. Is c(7) a composite number?
False
Let n be (-7)/(-35) - (-48)/10. Suppose 0 = -2*m + 4*k - 0*k + 878, n*m + 2*k = 2183. Is m a composite number?
True
Suppose 0 = 7*o - 52583 + 21174. Is o prime?
False
Let j = 4 + -1. Suppose 94 = -2*v - 2*c + 4*c, -4*v - 195 = j*c. Let t = 55 - v. Is t composite?
False
Suppose 501 = -4*y + 3265. Is y a composite number?
False
Let k be (-1706)/(-4) - 6/12. Let s be (k/4)/(12/112). Let v = -663 + s. Is v a prime number?
True
Suppose 2*m - v + 29 = 7*m, 3*v + 21 = 3*m. Let a(j) = m*j + 6 - 6 - 3 + j**2. Is a(-10) a composite number?
False
Let x = -6 + 8. Suppose -20 = -7*a + x*a, 0 = -3*q - 4*a + 778. Is q a composite number?
True
Let s = 33 + -29. Suppose -1920 = -s*h - 164. Is h composite?
False
Let w be 4/26 - (-252)/52. Suppose 203 = -c + 2*c + w*z, 3*c = -4*z + 609. Is c prime?
False
Suppose -3*m = u + 3*u - 1, -5*m + 9 = 3*u. Suppose 4*w + 1457 = 3*v, 4*v = -v - m*w + 2438. Is v a composite number?
False
Suppose 5*x + 3464 = -1501. Let r = x + 3172. Is r a composite number?
False
Let f(y) = -4*y**3 - 6*y**2 + 20*y - 21. Is f(-17) prime?
False
Let a(n) = 175*n**2 + 7*n - 15. Is a(-8) a composite number?
True
Suppose 17*z = d + 15*z - 13533, -z = 5. Is d a composite number?
False
Let h = 46 + -41. Suppose 106 = -3*v + h*v. Is v a composite number?
False
Suppose 23*j = 34*j + 132. Suppose 4*q = 4*b + 4, 2*b + b + 3*q = 15. Is ((-1146)/j)/(1/b) a composite number?
False
Is -34 + 2475 + (1 - 3)*2 composite?
False
Let w be (-1 - 1) + 1641*10. Suppose -w = -2*t - 6*t. Is t a prime number?
False
Suppose 0 = -3*u + t + 42, 100 - 37 = 4*u + t. Let x(m) = -17 - m**3 - 5*m + 14*m**2 - u*m + 17*m. Is x(13) a prime number?
True
Is (-318)/(-5)*(75/10 + -5) a prime number?
False
Let q(k) = -358*k + 1. Let h be q(-6). Suppose -w = -8*w + h. Is w prime?
True
Let b be (4/(5 + -1))/((-3)/1236). Let w = b - -1385. Is w a composite number?
True
Suppose 2431 = -8*g + 399. Suppose 0 = -3*d - 3*r - 3, 5*r = d - 5*d - 4. Is 3/(6*d/g) a prime number?
True
Let j(x) = -x**2 - 13*x + 13. Let w be j(-14). Is (127*-5 - -4)*w a composite number?
False
Let h be (-6)/1*1/(-3). Suppose 4*i - 3*w - 14 = 0, -w + 12 = h*i - 0*w. Suppose -r = 2*f - 4*f + 961, i*f = -2*r + 2389. Is f composite?
False
Let k(r) = 4*r**2 - 62*r - 43. Is k(-27) a composite number?
False
Is (-5)/(15/84)*(-71745)/60 prime?
False
Let a = -31 + 46. Let m(k) = 47*k - 32. Is m(a) a composite number?
False
Let w(c) be the first derivative of -c**4/2 - 2*c**3 - 3*c**2 + c - 12. Is w(-6) composite?
True
Let o(w) = 5*w. Let v be o(2). Let l be (-48985)/v + 1/(-2). Is (-6)/21 - l/21 composite?
False
Let v(x) = 565*x + 3. Let i(l) = 188*l + 1. Let t(j) = 7*i(j) - 2*v(j). Is t(2) prime?
True
Let u = 54091 - 29598. Is u composite?
True
Let k(s) = -s**3 - 10*s**2 - 5*s - 12. Let h be k(-10). Suppose h*r + 9484 = 42*r. Is r a prime number?
True
Let a be (-3)/9*(-12)/2. Suppose -4*g + 3*g - 1574 = -a*t, 0 = t - g - 787. Is t a composite number?
False
Is 20688/5 - (-2)/5 a composite number?
True
Suppose 7 = 3*r - 14. Suppose 0 = -r*t - 135 + 4272. Is t a prime number?
False
Suppose 206*p = 223*p - 556427. Is p a prime number?
False
Suppose 0 - 2 = -2*q, 4*q = -2*w + 5068. Suppose -5*r = -r - w. Suppose 11*v - r = 8*v. Is v a composite number?
False
Let f(z) = -2*z**3 - 16*z**2 - 33*z - 7. Suppose 0 = 7*n + 5 + 51. Is f(n) composite?
False
Let p(i) = 0*i - 30*i + 7*i. Let v = 1 + -3. Is p(v) composite?
True
Is 477370/12 - -1*3/18 a composite number?
True
Let q(m) = -m**2 - 10*m - 10. Let y be q(-3). Suppose -y + 38 = k - 2*s, -168 = -5*k - s. Is k composite?
True
Let j be (4/6)/((-6)/63). Let i(n) = -103*n**3 - 2*n + 102*n**3 - 7 + 5*n**2 - 2*n - 2*n. Is i(j) a composite number?
True
Suppose -37*u = -39*u + 4. Let n be 5*(-2)/(-2) + -1. Suppose -n*j = j + 5, -5*x = u*j - 893. Is x prime?
True
Suppose 4*z + 4*y + y - 5661 = 0, -y = 4*z - 5641. Is z composite?
False
Suppose 4*f = -2*c - c - 657, 494 = -3*f - 2*c. Let w = 77 - -342. Let h = w - f. Is h prime?
True
Suppose 38365 = 3*k - 2*q, 2*q = -5*k + 81016 - 17053. Is k composite?
False
Let g be -1 + 1 + (-22 - -11). Let b(p) = -10*p - 7. Is b(g) a prime number?
True
Let o be ((-1)/2)/(1/(-74)). Let b(l) = -56*l - 2. Let y be b(-3). Let w = o + y. Is w prime?
False
Is (-2)/(1*8/(-37244)) composite?
False
Suppose 3*w + 0*f - f = 11, 5 = 5*f. Suppose -q - 1 = -w. Is q - 106*-2 - 4 a composite number?
False
Suppose 5*c + 2*n = 13601, -2*c - n + 5450 = -5*n. Is c a composite number?
True
Suppose 0 = x - 2*k - 7, 3*x - k - 2*k = 24. Let m(b) = 2*b**3 - 10*b**2 + 15*b - 14. Is m(x) a prime number?
True
Suppose w - 4*v + 9*v - 1907 = 0, 5*v = w - 1947. Is w composite?
True
Let k = 2151 + 569. Suppose 3*p + k = 4*g, -p + 1370 = 2*g - 0*p. Is g composite?
False
Let o be -5*((3 - 5) + 1). Suppose -3*a + 3048 = -4*d - 1898, -o*a + 8274 = d. Let x = a + -867. Is x a composite number?
False
Suppose t = -4*y + 21, -5*t + 20 = 3*y - 0*y. Suppose 3 - 8 = -y*q. Is 212 - (4 - 3)/q composite?
False
Let o be ((-6)/(-9))/(2/21 - 0). Suppose -3*p - 3*c = -o*p + 8011, c = -p + 2008. Is p composite?
True
Suppose -27*d + 431485 = -178256. Is d a prime number?
False
Let u(y) be the third derivative of y**6/120 - 13*y**5/60 + 5*y**4/12 + 8*y**3/3 + 3*y**2. Let m be u(12). Is m*(21/(-4))/3 a prime number?
False
Let g be 48/9 + (2 - 4/3). Suppose -g*i - 3449 = -7*i. Is i a composite number?
False
Suppose 1 = -b + 4. Suppose -b*m = m + 5*i + 28, -3*m + 5*i + 14 = 0. Is (-3 + 5 - 44)/m a composite number?
True
Suppose 6*a + 20 = a. Let x be 3375/4 - (-3)/a. Is x/13 - (-6)/39 a prime number?
False
Let j(s) = s**3 - 11*s**2 - 14*s. Let f be j(12). Is ((-479)/3)/(4*2/f) a prime number?
True
Suppose -4568 = 5*v + 2*i - 73575, -v + 13798 = -3*i. Is v prime?
False
Suppose 207 - 502 = -v. Is v a composite number?
True
Suppose -2*j + 102*r = 105*r - 155522, 2*r - 155522 = -2*j. Is j a composite number?
False
Let m be 762*(1 + 0/(-4)). Let r = -539 + m. Is r a prime number?
True
Suppose 0*r + 4*r = -k + 2178, -5*k - r + 10909 = 0. Suppose -3*o + f - 2*f 